{"id":1107,"date":"2014-11-06T11:48:11","date_gmt":"2014-11-06T07:48:11","guid":{"rendered":"http:\/\/faune-reunion.com\/blog\/?page_id=1107"},"modified":"2022-07-25T19:03:29","modified_gmt":"2022-07-25T15:03:29","slug":"faune","status":"publish","type":"page","link":"https:\/\/faune-reunion.com\/blog\/faune\/","title":{"rendered":"Galerie"},"content":{"rendered":"\n<p>D\u00e9couvrez la diversit\u00e9 de la faune de La R\u00e9union<\/p>\n\n\nngg_shortcode_0_placeholder","protected":false},"excerpt":{"rendered":"<p>D\u00e9couvrez la diversit\u00e9 de la faune de La R\u00e9union<\/p>\n<p class=\"continue-reading-button\"> <a class=\"continue-reading-link\" href=\"https:\/\/faune-reunion.com\/blog\/faune\/\">Lire la suite&#8230;<i class=\"crycon-right-dir\"><\/i><\/a><\/p>\n","protected":false},"author":1,"featured_media":0,"parent":0,"menu_order":1,"comment_status":"closed","ping_status":"closed","template":"","meta":{"_monsterinsights_skip_tracking":false,"_monsterinsights_sitenote_active":false,"_monsterinsights_sitenote_note":"","_monsterinsights_sitenote_category":0,"_uf_show_specific_survey":0,"_uf_disable_surveys":false,"ngg_post_thumbnail":0,"footnotes":""},"class_list":["post-1107","page","type-page","status-publish","hentry"],"aioseo_notices":[],"_links":{"self":[{"href":"https:\/\/faune-reunion.com\/blog\/wp-json\/wp\/v2\/pages\/1107","targetHints":{"allow":["GET"]}}],"collection":[{"href":"https:\/\/faune-reunion.com\/blog\/wp-json\/wp\/v2\/pages"}],"about":[{"href":"https:\/\/faune-reunion.com\/blog\/wp-json\/wp\/v2\/types\/page"}],"author":[{"embeddable":true,"href":"https:\/\/faune-reunion.com\/blog\/wp-json\/wp\/v2\/users\/1"}],"replies":[{"embeddable":true,"href":"https:\/\/faune-reunion.com\/blog\/wp-json\/wp\/v2\/comments?post=1107"}],"version-history":[{"count":7,"href":"https:\/\/faune-reunion.com\/blog\/wp-json\/wp\/v2\/pages\/1107\/revisions"}],"predecessor-version":[{"id":3478,"href":"https:\/\/faune-reunion.com\/blog\/wp-json\/wp\/v2\/pages\/1107\/revisions\/3478"}],"wp:attachment":[{"href":"https:\/\/faune-reunion.com\/blog\/wp-json\/wp\/v2\/media?parent=1107"}],"curies":[{"name":"wp","href":"https:\/\/api.w.org\/{rel}","templated":true}]}}